its digit of 822?
2
What is the units digit of 9233?
3
What is the tens digit of 13568?
6
What is the hundreds digit of 2135?
1
What is the hundreds digit of 275?
2
What is the tens digit of 1088?
8
What is the tens digit of 30342?
4
What is the units digit of 1581?
1
What is the tens digit of 941?
4
What is the units digit of 13160?
0
What is the hundreds digit of 27341?
3
What is the units digit of 1475?
5
What is the hundreds digit of 3028?
0
What is the thousands digit of 6223?
6
What is the units digit of 1847?
7
What is the thousands digit of 36749?
6
What is the tens digit of 6743?
4
What is the units digit of 780?
0
What is the hundreds digit of 656?
6
What is the hundreds digit of 53650?
6
What is the tens digit of 12374?
7
What is the ten thousands digit of 49647?
4
What is the units digit of 14419?
9
What is the thousands digit of 4629?
4
What is the hundreds digit of 918?
9
What is the units digit of 1273?
3
What is the thousands digit of 10357?
0
What is the hundreds digit of 97524?
5
What is the units digit of 177?
7
What is the units digit of 37445?
5
What is the hundreds digit of 1598?
5
What is the tens digit of 2962?
6
What is the tens digit of 7219?
1
What is the units digit of 18853?
3
What is the units digit of 91526?
6
What is the units digit of 102?
2
What is the tens digit of 63?
6
What is the hundreds digit of 3829?
8
What is the tens digit of 331?
3
What is the ten thousands digit of 17489?
1
What is the hundreds digit of 890?
8
What is the units digit of 4593?
3
What is the thousands digit of 20465?
0
What is the thousands digit of 5230?
5
What is the hundreds digit of 21636?
6
What is the thousands digit of 25004?
5
What is the units digit of 7988?
8
What is the units digit of 315?
5
What is the ten thousands digit of 91796?
9
What is the thousands digit of 18567?
8
What is the thousands digit of 3863?
3
What is the tens digit of 99?
9
What is the units digit of 1567?
7
What is the tens digit of 1258?
5
What is the tens digit of 3312?
1
What is the hundreds digit of 81931?
9
What is the thousands digit of 3211?
3
What is the tens digit of 2651?
5
What is the hundreds digit of 4256?
2
What is the tens digit of 120567?
6
What is the tens digit of 1663?
6
What is the tens digit of 4057?
5
What is the units digit of 3898?
8
What is the thousands digit of 3729?
3
What is the units digit of 7709?
9
What is the units digit of 69608?
8
What is the thousands digit of 2096?
2
What is the ten thousands digit of 33362?
3
What is the ten thousands digit of 15167?
1
What is the thousands digit of 9950?
9
What is the thousands digit of 6593?
6
What is the units digit of 52283?
3
What is the tens digit of 4148?
4
What is the units digit of 880?
0
What is the hundreds digit of 31455?
4
What is the hundreds digit of 12923?
9
What is the thousands digit of 1148?
1
What is the hundreds digit of 65461?
4
What is the thousands digit of 3161?
3
What is the ten thousands digit of 27443?
2
What is the hundreds digit of 3586?
5
What is the units digit of 21773?
3
What is the thousands digit of 27925?
7
What is the tens digit of 6054?
5
What is the units digit of 2064?
4
What is the units digit of 16116?
6
What is the tens digit of 181?
8
What is the units digit of 1042?
2
What is the units digit of 10504?
4
What is the tens digit of 18762?
6
What is the units digit of 959?
9
What is the thousands digit of 152416?
2
What is the tens digit of 2839?
3
What is the thousands digit of 12044?
2
What is the thousands digit of 6232?
6
What is the tens digit of 1775?
7
What is the tens digit of 2330?
3
What is the tens digit of 1696?
9
What is the tens digit of 102444?
4
What is the tens digit of 5443?
4
What is the units digit of 61472?
2
What is the hundreds digit of 42176?
1
What is the tens digit of 4076?
7
What is the units digit of 891?
1
What is the thousands digit of 24636?
4
What is the hundreds digit of 8923?
9
What is the units digit of 48033?
3
What is the units digit of 4724?
4
What is the thousands digit of 1011?
1
What is the thousands digit of 192279?
2
What is the hundreds digit of 6438?
4
What is the tens digit of 4336?
3
What is the tens digit of 4048?
4
What is the units digit of 924?
4
What is the units digit of 79845?
5
What is the tens digit of 6568?
6
What is the hundreds digit of 3777?
7
What is the tens digit of 4549?
4
What is the tens digit of 334?
3
What is the tens digit of 5110?
1
What is the thousands digit of 2759?
2
What is the thousands digit of 4334?
4
What is the units digit of 10040?
0
What is the units digit of 3778?
8
What is the thousands digit of 5043?
5
What is the thousands digit of 2658?
2
What is the hundreds digit of 18965?
9
What is the units digit of 53109?
9
What is the units digit of 9431?
1
What is the tens digit of 2198?
9
What is the tens digit of 1161?
6
What is the hundreds digit of 511?
5
What is the ten thousands digit of 177157?
7
What is the thousands digit of 5639?
5
What is the hundreds digit of 1997?
9
What is the tens digit of 774?
7
What is the units digit of 4484?
4
What is the hundreds digit of 1094?
0
What is the thousands digit of 88216?
8
What is the hundreds digit of 25617?
6
What is the units digit of 9929?
9
What is the tens digit of 9323?
2
What is the thousands digit of 1353?
1
What is the hundreds digit of 14276?
2
What is the thousands digit of 9503?
9
What is the units digit of 592?
2
What is the hundreds digit of 361?
3
What is the tens digit of 803?
0
What is the ten thousands digit of 109637?
0
What is the tens digit of 11139?
3
What is the thousands digit of 131514?
1
What is the thousands digit of 8546?
8
What is the thousands digit of 1010?
1
What is the units digit of 438?
8
What is the units digit of 89614?
4
What is the thousands digit of 45519?
5
What is the hundreds digit of 6529?
5
What is the hundreds digit of 962?
9
What is the tens digit of 36?
3
What is the hundreds digit of 192?
1
What is the tens digit of 5045?
4
What is the ten thousands digit of 30314?
3
What is the thousands digit of 22168?
2
What is the thousands digit of 20905?
0
What is the thousands digit of 63304?
3
What is the tens digit of 784?
8
What is the hundreds digit of 12895?
8
What is the tens digit of 606?
0
What is the hundreds digit of 1101?
1
What is the tens digit of 5892?
9
What is the hundreds digit of 31662?
6
What is the units digit of 1362?
2
What is the tens digit of 52204?
0
What is the units digit of 593?
3
What is the ten thousands digit of 58976?
5
What is the thousands digit of 5009?
5
What is the tens digit of 14712?
1
What is the hundreds digit of 142?
1
What is the tens digit of 7507?
0
What is the tens digit of 651?
5
What is the units digit of 388?
8
What is the units digit of 856?
6
What is the units digit of 2718?
8
What is the units digit of 442?
2
What is the tens digit of 986?
8
What is the hundreds digit of 1393?
3
What is the hundreds digit of 46805?
8
What is the units digit of 91715?
5
What is the tens digit of 3038?
3
What is the thousands digit of 7815?
7
What is the tens digit of 4836?
3
What is the units digit of 94?
4
What is the tens digit of 62809?
0
What is the tens digit of 99869?
6
What is the ten thousands digit of 14166?
1
What is the thousands digit of 16544?
6
What is the hundreds digit of 38040?
0
What is the hundreds digit of 44279?
2
What is the units digit of 22690?
0
What is the thousands digit of 3965?
3
What is the units digit of 46461?
1
What is the tens digit of 84?
8
What is the units digit of 4064?
4
What is the tens digit of 1084?
8
What is the tens digit of 55177?
7
What is the units digit of 16554?
4
What is the thousands digit of 1195?
1
What is the hundreds digit of 770?
7
What is the units digit of 10475?
5
What is the thousands digit of 2285?
2
What is the thousands digit of 43215?
3
What is the thousands digit of 2040?
2
What is the units digit of 918?
8
What is the units digit of 10477?
7
What is the hundreds digit of 2044?
0
What is the units digit of 576?
6
What is the hundreds digit of 1883?
8
What is the hundreds digit of 57707?
7
What is the hundreds digit of 1969?
9
What is the thousands digit of 7253?
7
What is the hundreds digit of 26090?
0
What is the thousands digit of 10255?
0
What is the hundreds digit of 1083